s -121 + 21201?
21030
In base 4, what is 330301130 - 3?
330301121
In base 13, what is -1c805 - c?
-1c814
In base 3, what is -10201210 - -2000?
-10122210
In base 6, what is 3452 + -20?
3432
In base 5, what is -123322 + 202?
-123120
In base 14, what is 4146 + 0?
4146
In base 2, what is -111010001011 + -10011?
-111010011110
In base 13, what is -8 - -6957b?
69573
In base 3, what is -2121021120220 + -12?
-2121021121002
In base 9, what is -263344 + -22?
-263366
In base 3, what is 1111202 + 110121?
1222100
In base 4, what is -2 - -322033132?
322033130
In base 7, what is -2 + -310336?
-310341
In base 14, what is 19 - -cb3?
ccc
In base 8, what is 451114 + -4?
451110
In base 12, what is 10 + 431b?
432b
In base 2, what is -101 - 100110001110100?
-100110001111001
In base 11, what is 19 + -147315?
-1472a7
In base 13, what is 126a3 - -2?
126a5
In base 4, what is 3311112 - 0?
3311112
In base 7, what is -3 - -162410?
162404
In base 14, what is -9 + 153c7?
153bc
In base 14, what is 844 - 101?
743
In base 7, what is 212665 + 2?
213000
In base 14, what is 9 - 33d1?
-33c6
In base 8, what is -1 - -34052?
34051
In base 6, what is -23035 - -5?
-23030
In base 15, what is d - -e932?
e940
In base 8, what is -4 + -36043?
-36047
In base 14, what is -2 + 10766?
10764
In base 6, what is 13530243 - -24?
13530311
In base 11, what is a45 - -a?
a54
In base 9, what is 18347 + -11?
18336
In base 9, what is 475 - -8820?
10405
In base 2, what is 100001111100 - -11110?
100010011010
In base 16, what is -3b + -74a?
-785
In base 7, what is 21601245 - 4?
21601241
In base 9, what is 1406026 + 10?
1406036
In base 6, what is 11532 + -524?
11004
In base 9, what is -15532 + -325?
-15857
In base 4, what is -10020 + 331?
-3023
In base 15, what is ad05 + 2?
ad07
In base 9, what is -1 + -3682?
-3683
In base 12, what is 4 - -541?
545
In base 10, what is -8569 + 559?
-8010
In base 7, what is -154450 - 1?
-154451
In base 7, what is 31 - 246?
-215
In base 13, what is 5 + -3bbb?
-3bb6
In base 11, what is -3a6246 + 3?
-3a6243
In base 3, what is -1022211211120 - -2?
-1022211211111
In base 10, what is -10646 + -1?
-10647
In base 6, what is 1103 + -3215?
-2112
In base 16, what is -3870 + -4?
-3874
In base 11, what is 16372 + 16?
16388
In base 2, what is -100101011110 + 10111?
-100101000111
In base 12, what is 11321 + -5?
11318
In base 15, what is 1 + 27339?
2733a
In base 2, what is -10111101011 - -11110100?
-10011110111
In base 9, what is 6 + -16061?
-16054
In base 7, what is -425062 - -3?
-425056
In base 13, what is 702a - 30?
6cca
In base 7, what is 2 + -1334641?
-1334636
In base 11, what is 26926a - 0?
26926a
In base 14, what is 4c + 8bc?
92a
In base 2, what is 11000001111101000110 + 100?
11000001111101001010
In base 4, what is 32 - 1103313?
-1103221
In base 3, what is -2022120101 + -2?
-2022120110
In base 14, what is -10 + 3b37d?
3b36d
In base 10, what is -1227 + -48?
-1275
In base 10, what is -2 + -136704?
-136706
In base 11, what is -2 - 2a638a?
-2a6391
In base 12, what is 8 - -185383?
18538b
In base 3, what is 1121 - 11120111211?
-11120110020
In base 7, what is -23 - 150045?
-150101
In base 9, what is -3180682 - -3?
-3180678
In base 7, what is 4312 - -2?
4314
In base 9, what is -114 + -424?
-538
In base 15, what is -19d2 + -73?
-1a55
In base 5, what is -24 + 24013442?
24013413
In base 14, what is d6d + 4?
d73
In base 16, what is -afd7 - -7?
-afd0
In base 6, what is 141221 + 231?
141452
In base 11, what is -11316 + 9?
-11308
In base 7, what is 5660 + -161?
5466
In base 16, what is -12df0 + -2?
-12df2
In base 11, what is 2 + -2408a?
-24088
In base 2, what is -1010111 - 111101110101?
-111111001100
In base 10, what is 291 - 21291?
-21000
In base 7, what is 1423052 - -3?
1423055
In base 5, what is -310042020 + 3?
-310042012
In base 10, what is -105 + -5?
-110
In base 13, what is -13 + -44c?
-462
In base 12, what is -31267 + -5?
-31270
In base 2, what is 1111110010101 + 1?
1111110010110
In base 15, what is -281e + -2?
-2821
In base 9, what is -1284 + -1?
-1285
In base 11, what is -242 + -22?
-264
In base 6, what is -3 + 10503442?
10503435
In base 13, what is 16 - -a2c6?
a30c
In base 14, what is -c0d + -90?
-c9d
In base 4, what is 3020 - 1010011?
-1000331
In base 2, what is -10011111011011 - -100001001?
-10011011010010
In base 4, what is -3301130 + 2?
-3301122
In base 11, what is -a065a - -1?
-a0659
In base 7, what is -5 + 2643520?
2643512
In base 15, what is 0 + -161d4?
-161d4
In base 9, what is 1647 - -673?
2431
In base 13, what is -29b5c + 5?
-29b57
In base 10, what is 204794 + 0?
204794
In base 9, what is -1433 + 11?
-1422
In base 14, what is -3b4c7 - -1a?
-3b4ab
In base 2, what is -100000101011001010110 + -10?
-100000101011001011000
In base 2, what is 1001111111000110 + 0?
1001111111000110
In base 6, what is -2 - -14433?
14431
In base 10, what is 5 + 24790?
24795
In base 8, what is -17155643 - 0?
-17155643
In base 4, what is -232311103 - -2?
-232311101
In base 15, what is -1c8d - -e?
-1c7e
In base 2, what is -110000111011010 - 10?
-110000111011100
In base 14, what is -461d - 4?
-4623
In base 10, what is -731 + 62?
-669
In base 7, what is 5 - -4360?
4365
In base 15, what is 8d250 - -2?
8d252
In base 14, what is -21 + -a93?
-ab4
In base 16, what is 2 + 48022?
48024
In base 6, what is -4 + 205421?
205413
In base 11, what is -1328 - 23?
-1350
In base 5, what is 1 - 10323100?
-10323044
In base 16, what is 5317 - -1?
5318
In base 13, what is -222 + 528?
306
In base 6, what is 1 + -3245534?
-3245533
In base 2, what is -1010100010111 - 10?
-1010100011001
In base 2, what is -10 - 10010001011?
-10010001101
In base 11, what is -a80 + -1045?
-2015
In base 13, what is -24 + -4?
-28
In base 4, what is 10021100011 - -3?
10021100020
In base 3, what is -1 - -21110201?
21110200
In base 5, what is 4000 + 0?
4000
In base 5, what is -241 + -33402?
-34143
In base 10, what is 435005 - -3?
435008
In base 11, what is -2a236 - 3?
-2a239
In base 14, what is 1c - 2200a?
-21dcc
In base 16, what is b - -486?
491
In base 15, what is 2 + -349ed?
-349eb
In base 5, what is -23 + -1120020?
-1120043
In base 16, what is 79 - -681?
6fa
In base 2, what is -101101 + 11000010?
10010101
In base 2, what is 100 + 101111111011101010?
101111111011101110
In base 13, what is -2102c - -3?
-21029
In base 15, what is c - -b1a?
b27
In base 6, what is -4500 + -245?
-5145
In base 3, what is 12 - -12201020000?
12201020012
In base 14, what is -6a06 + -21?
-6a27
In base 2, what is -1 + 1011101110?
1011101101
In base 9, what is -6222 - 102?
-6324
In base 13, what is 151 + -232?
-b1
In base 3, what is -1 + -102011000?
-102011001
In base 11, what is -889a + 4?
-8896
In base 6, what is 1 - -223111?
223112
In base 2, what is -11111011110001 - 1000?
-11111011111001
In base 6, what is 2 - 3404520?
-3404514
In base 14, what is -b20a - 49?
-b255
In base 8, what is 4 + 754467?
754473
In base 9, what is -1151 - 15?
-1166
In base 8, what is -270755 + -2?
-270757
In base 6, what is -231050302 + 1?
-231050301
In base 12, what is 1 + 990a9?
990aa
In base 4, what is 21012112 + 3?
21012121
In base 12, what is -4 - 266b4?
-266b8
In base 5, what is 1140 - -422?
2112
In base 15, what is -64 + 1594?
1530
In base 7, what is 3 + -324231?
-324225
In base 14, what is 17078 + -5?
17073
In base 2, what is -1 + -1001000100?
-1001000101
In base 15, what is 368 - -2db?
654
In base 10, what is -18877 - -17?
-18860
In base 12, what is -2 - -2b7199?
2b7197
In base 15, what is b7cdb - 4?
b7cd7
In base 14, what is -8c73 + -4?
-8c77
In base 4, what is 1112133 - 3?
1112130
In base 14, what is -1 + -38bc?
-38bd
In base 12, what is -58 + 36?
-22
In base 7, what is -40 + -351362?
-351432
In base 8, what is 101 - -1322?
1423
In base 3, what is 11220 - 100101111?
-100012121
In base 10, what is -61381 - 2?
-61383
In base 8, what is -727 + -134?
-1063
In base 12, what is b65 - -13?
b78
In base 7, what is -10462 + 61?
-10401
In base 9, what is 1 + 10725?
10726
In base 2, what is 11110000111111 + 100000000?
11110100111111
In base 5, what is 32423 - -2241?
40214
In base 7, what is -10542 - 220?
-11062
In base 16, what is -2 + 9dda7?
9dda5
In base 14, what is 6b9519 - -2?
6b951b
In base 14, what is 9d9dc + 5?
9da03
In base 13, what is 11b - -2086?
21a4
In base 10, what is 777967 - 0?
777967
In ba